lculate the greatest common divisor of h and w.
4
Let h = -1668 + 1680. Let v be (1 + -19)/((-6)/4). What is the highest common factor of h and v?
12
Suppose x + 410 = 3*x. Let j = 313 + -231. Calculate the highest common factor of x and j.
41
Let j be (-2)/2*-92 + 0. Suppose j = 2*f + 24. Let i(p) = -p**2 + 37*p - 16. Let m be i(14). What is the highest common divisor of f and m?
34
Suppose 10*g = 17*g - 784. Calculate the greatest common factor of g and 84.
28
Suppose -6*n = 14 - 14. Suppose m - 24 = -n. What is the highest common factor of m and 144?
24
Suppose 3*l = r - 0*l - 17, 27 = r - 5*l. Suppose -p = -r*p + u + 154, -3 = -3*u. Let a = -475 - -537. What is the highest common factor of a and p?
31
Let u = 35 - 42. Let y be (-4)/2 - (-4 + u). What is the highest common divisor of y and 72?
9
Let l(y) = 21*y + 500. Let x be l(-16). Calculate the greatest common divisor of x and 1107.
41
Let y(n) be the first derivative of n**3/3 - n - 9. Let k be y(-5). Suppose -u + 3*u - 6 = 0. What is the highest common factor of k and u?
3
Suppose -2*k + o = 3*k - 3218, -5*k - 2*o = -3224. What is the highest common divisor of k and 28?
28
Let z(s) = 3*s**2 - 2*s. Let k be z(-2). Let f be (-366)/21 + (-12)/21. Let x be (1 + -25)/(3 + 57/f). What is the highest common factor of k and x?
16
Suppose -v + 4*x = 4, -x - 3*x = -4. Suppose 0 = -r - 3*u + 1 - 9, v = -3*r + 2*u - 57. Let w = r + 22. Calculate the greatest common divisor of w and 15.
5
Suppose 3*r = 2*r + 51. Let z = r - 28. Let h be ((-2)/(-3)*-23)/(822/(-11097)). Calculate the highest common factor of h and z.
23
Let x be (-1*138 + 2)/((-5)/10). Calculate the greatest common divisor of 32 and x.
16
Let z = 31 - 27. Suppose -k + 195 = z*k. Calculate the highest common divisor of 78 and k.
39
Let x(r) = 2*r**2 - 37*r + 247. Let d be x(13). What is the highest common divisor of 91 and d?
13
Let a = -1283 + 1290. Let n = -11 + 27. Let f = n - a. What is the highest common factor of f and 72?
9
Let i = 8 + 6. Let g = i + 2. Let w(x) = -3*x - 1. Let t be w(-1). Calculate the greatest common divisor of g and t.
2
Let w be 4/8 - 595/(-34). Calculate the highest common factor of 171 and w.
9
Let k be (-1)/(-5) - ((-39)/5 + -4). Let z = k - -18. What is the greatest common divisor of z and 10?
10
Suppose -292 - 86 = -2*v. Let m be 86/4 + 3/(-6). Calculate the highest common factor of m and v.
21
Let c = 21 - 10. Let u = c - 8. Suppose -5*o = -2*w + 119, u*w = -2*o + 3*o + 211. Calculate the greatest common divisor of 48 and w.
24
Let d be 4 - (-1 + -3 + 5). Suppose 30 = 3*c + d*c. Let t(q) = 2*q**2 + 8*q - 7. Let k be t(-7). What is the highest common divisor of k and c?
5
Suppose 11*i - 6*i - 15 = 0. Let y(v) = 7*v**2 - 3*v + 2. Let x be y(i). Let n be 12/((-12)/(-3))*140/3. Calculate the highest common divisor of x and n.
28
Let v(q) = -q**3 + 10*q**2 - 4*q - 8. Let o be v(7). Suppose 21 = -6*b + o. Let i = 6 + b. Calculate the greatest common factor of i and 231.
21
Let l = -131 + 145. Calculate the highest common factor of l and 1736.
14
Let d(a) = -a**2 + 51*a + 30. Let l be d(31). What is the highest common divisor of l and 26?
26
Let x(s) = s**3 + 7*s**2 + 5*s - 5. Let n be x(-5). Let o be ((-9)/(-6))/(2/n). Calculate the greatest common divisor of o and 5.
5
Let q be 24/(-5) + (-5)/25. Let i(h) = 2*h + 4. Let r be i(q). Let a be (2/r)/((-8)/120). What is the highest common divisor of a and 15?
5
Let r(y) = 8*y**2 - 14*y - 12. Let n be r(-5). What is the highest common factor of 6 and n?
6
Let j be (-4)/(-2)*14/4. Suppose 11*d = 9*d + 98. Calculate the greatest common divisor of d and j.
7
Let k(o) = o**3 + 2*o**2 + 7*o - 1. Let u be k(3). What is the highest common factor of 364 and u?
13
Suppose 0 = -l - 2*l + 3*t + 504, 321 = 2*l + 3*t. Calculate the greatest common factor of l and 55.
55
Let y = -8 + 1. Let w = 15 - y. Suppose 0 = 3*n + 3 - 9. What is the highest common divisor of n and w?
2
Let z be (72 - 66)*50/6. Calculate the highest common factor of z and 75.
25
Suppose -107*m + i - 2175 = -111*m, 0 = 2*m + 4*i - 1084. What is the greatest common divisor of 85 and m?
17
Let w be 53 + (-4 - -2 - -6). Let t be (486/12)/((-1)/(-2)). Suppose -2*g - 5 = -t. Calculate the highest common factor of g and w.
19
Suppose -2*l + 89 = -55. Suppose 0 = 10*b - 54 - 66. Calculate the greatest common factor of l and b.
12
Suppose 42*j = 1804 + 128. What is the greatest common divisor of j and 2?
2
Let n = 75 - 36. Let i = 45 - n. Suppose 7 = -2*h + 19. What is the greatest common factor of i and h?
6
Let m be 4/10 - (-18990)/25. Suppose -2*g - 3*g + m = 0. Let p be (5 - 7) + 25 + -4. What is the highest common factor of g and p?
19
Suppose 0*a = -2*a + 3*g + 25, 5*g = -3*a + 47. Let c = 13 + a. Let n(x) = 27*x**2 + x + 1. Let b be n(-1). Calculate the greatest common factor of b and c.
27
Suppose -2 = -2*f, 0*z + 4*z - 243 = f. Calculate the highest common divisor of z and 2.
1
Let s be -111*(-3)/18 - (-2)/(-4). Suppose -4*z - 80 = -364. Let p = z - 17. What is the greatest common divisor of s and p?
18
Suppose 2*o + 2*i + 54 = 0, -21 = 4*o - i + 67. Let n = -11 - o. Let v = -15 + 51. What is the greatest common factor of n and v?
12
Let b(q) = q**2 + 2*q - 57. Let i be b(12). What is the highest common divisor of i and 6?
3
Let m = -20 + 25. Suppose -m*d + 4*d + 24 = 0. Calculate the greatest common factor of 12 and d.
12
Suppose 14 - 2 = 2*r. Let p(l) = l**2 - 12*l + 18. Let b be p(12). Calculate the highest common factor of r and b.
6
Suppose -39 = -z - 3*z - 5*w, 5*z = 2*w + 24. Let h = z - -5. Calculate the highest common factor of h and 11.
11
Let t be (-126)/45*-5*76/14. What is the greatest common divisor of 16 and t?
4
Suppose -5*g - 4*t + 76 - 6 = 0, 5*g - 65 = -3*t. Let o(c) = c + 1. Let j be o(2). Suppose -k + 280 = j*k. Calculate the greatest common divisor of k and g.
10
Suppose 4*a = -5*v + 1027, -18*v + 21*v = -3*a + 768. What is the greatest common factor of 23 and a?
23
Let p(o) = 3*o**2 - 7*o - 1. Let y be p(-1). Calculate the highest common factor of y and 207.
9
Suppose 0 = 11*s - 686 - 3538. What is the greatest common factor of 24 and s?
24
Suppose 169 + 411 = 2*p. Suppose s - 2*i - 51 - 20 = 0, -4*s = -5*i - p. Calculate the highest common divisor of s and 50.
25
Let z be (591/21 - 1) + (-6)/(-7). What is the greatest common divisor of z and 2884?
28
Let m be 19*(3 - (-3 + 5))*(-2 + 3). Let v be (246 + 1)*(4 + -3). What is the highest common divisor of m and v?
19
Let g(c) = c**2 - 16*c - 25. Let j be g(17). Let z be (j/(-2))/(1/12 - 0). Calculate the greatest common factor of z and 6.
6
Let g = 2 - -1. Suppose 5*a - 70 = -g*n - n, -n + 13 = -a. Suppose 4*v = 2*v - 3*w + 15, -20 = -2*v - 2*w. What is the greatest common factor of n and v?
15
Suppose -6 = -2*d + 2*b, -11 + 6 = -2*d + 3*b. Suppose 2*t - 4*a = d*t - 96, 5*t - 235 = -5*a. What is the highest common factor of t and 23?
23
Suppose 3*r - f - 28 = 0, -2*f - 18 = -r - 6*f. Let c = r + -1. What is the greatest common divisor of c and 45?
9
Let m(j) = j**2 + 5*j - 5. Let y be m(-5). Let c be (0/3 - -6)*(-14)/21. Let l be (-15)/(-3 - c)*y. Calculate the greatest common divisor of 50 and l.
25
Let a(s) = -s**2 - 11*s - 4. Let p be a(-7). Let i(c) = 15*c**2 + 485*c - 485*c. Let h be i(4). Calculate the highest common divisor of h and p.
24
Let o = 50 - 55. Let s be o + 2 + 5 + 21. Suppose 13 = c - 10. What is the greatest common factor of c and s?
23
Suppose -16*v + 29*v = 1560. Calculate the greatest common divisor of v and 40.
40
Suppose -o - 52 = -54. Calculate the greatest common divisor of 2 and o.
2
Let g(w) = 4*w + 51. Let p be g(10). What is the greatest common divisor of 7 and p?
7
Suppose -2*y + 6*b - 18 = 2*b, 3*y + b = 1. Let w be 15/(-45)*(y + -173)*1. What is the greatest common divisor of w and 406?
58
Let x(m) = -m + 5. Let q be x(5). Let d = -28 - -28. Suppose 5*z + 4*k - 278 = q, 2*z + 5*k - 118 = -d*k. Calculate the greatest common divisor of z and 6.
6
Let b be 998/(-10) + (-2)/10. Let i be (-1280)/b + (-2)/(-10). Calculate the highest common divisor of i and 39.
13
Suppose -4*l = l - 15. Suppose 0*a - l*a = -6. Calculate the highest common divisor of 18 and a.
2
Suppose 10*u - 1337 = 783. Calculate th